- 1166171. Give y(-8).
5
Let k(f) = -f**3 - 22*f**2 - 520*f - 13626. What is k(-24)?
6
Let b(d) = 57216*d - 343656. Calculate b(6).
-360
Let z(o) = 3*o**3 - 426*o**2 + 2*o + 130. What is z(142)?
414
Let c(o) = 231709*o + 5329292. Give c(-23).
-15
Let n(u) = 3*u**3 - 25*u**2 + 22*u - 34. Give n(8).
78
Let f(l) = -16*l**2 + 11048*l + 1358091. Calculate f(797).
3
Let v(b) = b**3 - 153*b**2 + 4050*b - 464. Determine v(119).
12
Let o(b) = b**3 - 73*b**2 + 60*b + 2087. Determine o(72).
1223
Let i(g) = -g**2 + 7054*g - 364108. Calculate i(52).
-4
Let s(q) = -2*q**3 - 3*q**2 + 156*q - 277. Determine s(7).
-18
Let i(s) = 3*s**3 + 18*s**2 - 34*s - 57. Give i(-10).
-917
Let h(u) = -200*u - 10770. What is h(-61)?
1430
Let x(u) = 2*u**2 - 3455*u - 482985. Calculate x(-130).
-35
Let d(y) = 751*y**2 - 104404*y + 2096. What is d(139)?
11
Let w(i) = -i**2 - 397*i - 22380. Give w(-65).
-800
Let o(k) = -41*k**2 - 415*k - 1067. Give o(-6).
-53
Let o(h) = h**3 + 336*h**2 + 80*h + 26714. Give o(-336).
-166
Let g(t) = -89*t**2 - 1275*t + 7. Give g(-14).
413
Let i(k) = -k**3 + 47*k**2 - k + 807. Give i(47).
760
Let d(f) = -1874*f - 20564. Calculate d(-11).
50
Let r(y) = 11*y**3 + 100*y**2 - 11*y - 127. Give r(-9).
53
Let q(f) = -611*f - 217104. Determine q(-356).
412
Let z(v) = 3*v**2 + 191*v - 2356. Determine z(-74).
-62
Let h(u) = -180*u**2 - 2874*u + 73. Give h(-16).
-23
Let f(y) = 5*y**2 + 291*y - 9225. What is f(-81)?
9
Let n(r) = -4565*r - 77194. Give n(-17).
411
Let w(l) = 535*l - 176448. What is w(329)?
-433
Let v(s) = 46*s**2 + 15131*s - 31494. What is v(-331)?
-49
Let q(y) = -3018*y - 555307. Calculate q(-184).
5
Let w(y) = 972*y - 101302. Determine w(106).
1730
Let g(i) = -409*i - 116169. Calculate g(-284).
-13
Let u(w) = 3207*w - 208185. Calculate u(65).
270
Let z(f) = -1077*f + 4497. Give z(4).
189
Let x(c) = 4*c**2 + 3453*c + 690090. Determine x(-549).
-3
Let h(z) = 7*z**3 - 21*z**2 + 31*z - 309. What is h(8)?
2179
Let b(w) = -376647*w + 3389831. What is b(9)?
8
Let u(z) = -4*z**2 - 568*z - 14291. Calculate u(-36).
973
Let w(b) = b**2 - 476*b + 47958. Calculate w(145).
-37
Let y(g) = -g**2 + 12992*g - 4289385. Calculate y(339).
-18
Let c(g) = -16*g + 2152. Determine c(8).
2024
Let p(d) = -7950*d - 7992. Give p(-1).
-42
Let a(b) = b**2 - 2365*b - 47678. Determine a(-20).
22
Let f(o) = 222*o**2 - 6908*o + 803. Calculate f(31).
-3
Let b(g) = g**3 - 118*g**2 + 977*g + 429. What is b(109)?
-7
Let q(n) = -9*n**3 + 78*n**2 - 168*n - 18. What is q(3)?
-63
Let p(t) = -2*t**3 - 6*t**2 - 476*t - 3346. Calculate p(-7).
378
Let y(o) = 2*o**2 + 1177*o - 23096. Calculate y(19).
-11
Let o(p) = p**2 + 1245*p + 254654. Calculate o(-258).
8
Let w(l) = 3*l**2 - 72*l - 31978. Give w(116).
38
Let s(o) = -2207*o - 158905. Give s(-72).
-1
Let a(j) = j**3 + 58*j**2 + 484*j + 317. Determine a(-9).
-70
Let g(y) = 996*y + 187239. Calculate g(-188).
-9
Let d(w) = 78949*w + 157897. Determine d(-2).
-1
Let i(d) = -d**3 - 13*d**2 - 243*d - 5324. Give i(-17).
-37
Let v(g) = -4*g**3 + 153*g**2 + 118*g - 28. Give v(39).
11
Let v(z) = -2*z**3 - 1492*z**2 + 56302*z + 75. What is v(36)?
3
Let m(p) = -8*p**3 - 160*p**2 - 200*p - 50. What is m(-19)?
862
Let z(r) = 10*r**2 + 161*r - 2047. Determine z(11).
934
Let z(v) = -v**3 - 185*v**2 - 990*v + 14901. Give z(-179).
-135
Let n(s) = 2631*s - 26367. Determine n(10).
-57
Let d(m) = -7*m**2 + 5*m + 81. What is d(-8)?
-407
Let w(t) = 2067*t - 6251. Calculate w(3).
-50
Let h(v) = -652*v**2 - 2608*v + 11. What is h(-4)?
11
Let t(n) = 3*n**3 - 8*n**2 - 70*n + 496. Give t(8).
960
Let b(y) = 70*y - 5295. Give b(89).
935
Let b(w) = 2*w**3 + 338*w**2 + 1726*w + 21. Determine b(-5).
-409
Let r(w) = -w**2 + 354*w + 5479. Give r(-15).
-56
Let w(h) = 140857*h + 563410. Calculate w(-4).
-18
Let x(y) = 305*y**2 - 4300*y + 434. Calculate x(14).
14
Let g(p) = 5*p**3 + 3*p**2 - 4758*p - 14268. What is g(-3)?
-102
Let m(x) = 645*x + 121306. Give m(-188).
46
Let t(y) = 161*y + 51345. Calculate t(-319).
-14
Let r(c) = 191*c + 2196. Determine r(-7).
859
Let w(d) = 46028*d - 2117250. What is w(46)?
38
Let l(u) = 49*u**3 + 6280*u**2 + 1058*u + 4345. Give l(-128).
-7
Let m(o) = o**2 - 960*o + 177545. Determine m(247).
1434
Let j(y) = -y**2 + 1395*y + 11353. Give j(-8).
129
Let o(m) = -5*m**3 + 1040*m**2 + 498*m - 103623. Calculate o(208).
-39
Let d(r) = 332*r - 5942. Give d(16).
-630
Let l(j) = -4*j**3 - 193*j**2 + 177*j + 10813. What is l(-48)?
13
Let l(y) = 469*y + 6497. What is l(-13)?
400
Let s(p) = -7*p**2 + 5212*p - 71598. Calculate s(14).
-2
Let s(i) = 4*i**2 + 10743*i - 53824. What is s(5)?
-9
Let k(v) = v**3 - 103*v**2 + 247*v - 4087. What is k(101)?
458
Let p(s) = 145*s + 12763. Calculate p(-89).
-142
Let q(z) = 767*z**3 - 1530*z**2 + 41*z - 86. What is q(2)?
12
Let g(z) = 3506*z + 1041292. Give g(-297).
10
Let d(s) = -s**3 + 91*s**2 + 200*s + 548. Give d(93).
1850
Let v(n) = n**3 - 121*n**2 - 172*n + 6104. Determine v(122).
4
Let y(k) = 2*k**2 - 1261*k + 161917. What is y(451)?
8
Let c(d) = -d**3 - 26*d**2 + 4800*d + 4137. What is c(58)?
-39
Let i(z) = 4*z**2 - 341*z + 4276. Calculate i(13).
519
Let i(l) = -1438*l - 66075. What is i(-46)?
73
Let n(m) = -52430*m - 524302. Give n(-10).
-2
Let a(r) = r**3 - 44*r**2 + 78*r + 13. Determine a(41).
-1832
Let l(j) = -10*j - 370. Give l(-27).
-100
Let r(z) = 2*z**3 - 58*z**2 + 409*z + 22. Determine r(14).
-132
Let p(f) = 3*f**2 - 677*f + 2580. Calculate p(221).
-514
Let j(n) = -1777*n**2 - 1450*n - 2. Calculate j(-1).
-329
Let g(w) = -5*w**3 - 3*w**2 - 14*w + 32. Give g(4).
-392
Let f(q) = -2521*q - 52993. Determine f(-21).
-52
Let x(h) = 108*h**3 - 223*h**2 + 38*h - 48. Give x(2).
0
Let l(t) = 37069*t - 370682. What is l(10)?
8
Let x(b) = -8*b**2 + 451*b - 265. Give x(56).
-97
Let v(x) = 2*x**3 + 2*x**2 - 733*x + 1467. Give v(2).
25
Let r(j) = 1666972*j + 15002742. Determine r(-9).
-6
Let r(z) = 12*z**2 + 1141*z - 254. Calculate r(-95).
-349
Let x(o) = -48325*o - 3817699. Determine x(-79).
-24
Let g(z) = 45*z**2 - 3544*z + 24827. What is g(7)?
2224
Let l(a) = -168*a - 4459. What is l(-64)?
6293
Let u(k) = -74059*k + 2295836. Calculate u(31).
7
Let h(n) = -47*n**2 - 20449*n + 39341. Give h(-437).
11
Let f(m) = 3*m**3 - 1842*m**2 + 38*m - 23460. Calculate f(614).
-128
Let g(p) = p**3 - 11*p**2 - 234*p + 24. What is g(-12)?
-480
Let d(h) = -279*h**2 + 466*h + 951. Determine d(-2).
-1097
Let z(f) = 10857*f - 1042282. Determine z(96).
-10
Let x(y) = -22*y**2 + 105*y - 56. What is x(3)?
61
Let v(j) = -3*j**3 + 27*j**2 + 3414*j - 27518. Give v(8).
-14
Let x(k) = k**3 + 41*k**2 + 243*k - 183. Calculate x(-8).
-15
Let r(s) = 3*s**3 + 24*s**2 - 2335*s - 6090. Determine r(-31).
-14
Let n(a) = -a**3 - 21*a**2 - 31*a - 47. Give n(0).
-47
Let j(o) = -3509*o - 17559. Calculate j(-5).
-14
Let m(r) = -4*r**2 + 2493*r - 37402. What is m(15)?
-907
Let j(s) = 2*s**2 + 5213*s + 195202. What is j(-38)?
-4
Let j(f) = -23*f**3 + 13*f**2 + 55*f + 103. What is j(-3)?
676
Let q(y) = 1336*y + 1509. Determine q(1).
2845
Let j(k) = -k**3 + 20*k**2 + 480*k + 546. Calculate j(-13).
-117
Let h(w) = 2*w**2 - 276*w + 6475. Calculate h(90).
-2165
Let i(k) = -k**3 + 258*k**2 - 728*k - 9444. What is i(255)?
-9
Let i(y) = 15*y - 4003. Determine i(266).
-13
Let c(n) = -4*n**3 + 8*n**2 - 90*n + 88. What is c(3)?
-218
Let u(l) = 2891*l + 132972. Calculate u(-46).
-14
Let a(j) = -7232*j - 50659. Determine a(-7).
-35
Let c(u) = 645380*u - 9680711. What is c(15)?
-11
Let z(i) = 58*i**2 - 12550*i - 90713. Give z(-7).
-21
Let u(q) = 12*q**3 + 192*q**2 - 16*q - 39. What is u(-16)?
217
Let q(u) = 66*u**2 + 6996*u + 3. What is q(-106)?
3
Let j(d) = -2917454*d + 29174549. Calculate j(10).
9
Let o(x) = -122*x**2 + 28428*x - 562. Calculate o(233).
-96
Let m(o) = -4678*o + 99613. Calculate m(21).
1375
Let f(h) = -2*h**3 - 14*h**2 + 735*h + 7. Calculate f(16).
-9
Let c(o) = o**2 + 291*o + 18518. Give c(-94).
0
Let u(l) = 17*l**2 - 845*l - 186. Determine u(50).
64
Let c(y) = -19*y**3 + 169*y**2 - 62*y + 584. What is c(9)?
-136
Let j(b) = -3*b**2 - 321*b + 719. Give j(-111).
-613
Let a(h) = h**2 - 589*h + 51706. Calculate a(107).
132
Let o(b) = -292*b**3 + 59*b**2 - 7*b - 8. What is o(-1)?
350
Let w(a) = 12*a**2 - 140*a - 9. What is w(12)?
39
Let f(g) = -594*g**2 + 12